e i(-1).
3
Let o(u) = -u**2 - 10*u - 7. Let q = 5719 - 5728. Give o(q).
2
Let x(s) = -s - 1. Suppose -20*g - 2 = -2. Suppose g = 38*n - 14*n + 240. Calculate x(n).
9
Let r(k) = 14 - 5*k + k + 5*k - 14. What is r(5)?
5
Let u(i) = 11*i**3 + 6*i**2 - 10*i - 8. Let r(f) = 8 + 18*f - 12*f**3 - 7*f - 2*f**3 - 6*f**2 + f**3. Let k(d) = -5*r(d) - 6*u(d). Calculate k(-7).
22
Let q(h) = 7*h - 11. Let d be (1246/(-42) - -24) + (-1)/3. Determine q(d).
-53
Let y be (-7)/(-3) + 2960/(-555). Let f(c) = 4 - 1 + 4*c + 2*c. Determine f(y).
-15
Suppose 4*j - 1 = 2*c + 13, -2 = -2*c. Let v(l) = -2*l**2 - 2*l - 3. Determine v(j).
-43
Suppose 0 = -63*p - 220 + 598. Let m(c) = -5*c**2 + 11*c + 19. Determine m(p).
-95
Let t(o) = -58*o**2 - 9*o - 277. Let i(n) = 13*n**2 + 4*n + 69. Let j(k) = 9*i(k) + 2*t(k). Calculate j(-11).
-10
Let p(i) = 66*i - 134*i - 3 + 73*i. Suppose 20*u - 18*u = -m + 2, -18 = -4*u + 5*m. What is p(u)?
7
Let n be ((-14)/(-5))/((-203)/(-290)). Let x(u) = u**3 - 5*u**2 + 5*u - 4. Determine x(n).
0
Let z(h) = -88*h - 625. Suppose 12 = 6*w, 29*w - 33*w - 6 = 2*k. Determine z(k).
-9
Let n = -11 + 19. Let y(t) = 889*t**2 + 7*t + 892*t**2 + 885*t**2 + 894*t**2 - 3561*t**2. Determine y(n).
-8
Suppose 23*p - 872 = 416. Suppose -3*n - p + 35 = 0. Let k(z) = z**3 + 6*z**2 - 8*z - 5. Calculate k(n).
2
Suppose -4*m - 28 = -36, -m = 3*x - 47. Let p(k) = -2*k**2 + 33*k - 27. What is p(x)?
18
Let m(u) = u**3 + 3*u**2 - 2*u + 2. Let r(n) be the second derivative of 5/6*n**3 - 7*n**2 + 0 - 9*n. Let x be r(2). Calculate m(x).
-6
Let s(n) = 8*n**3 + n**2 - 17*n - 12. Let u(o) = 7*o**3 - 15*o - 13. Let m(t) = -6*s(t) + 7*u(t). Determine m(7).
9
Let f(x) = 1 - 5 - 1 - 2*x. Let h(c) = -45*c + 73. Let b be h(12). Let w = b - -461. Determine f(w).
7
Let g(y) = -5*y**3 + 15*y**2 + 5*y + 25. Let x(b) = -16*b**3 + 46*b**2 + 17*b + 76. Let z(v) = -13*g(v) + 4*x(v). What is z(11)?
12
Let v = -5 + -2. Let g(s) be the third derivative of -s**5/60 - s**4/3 - s**3/2 + 64*s**2 + 137*s. Determine g(v).
4
Let k = 75 - 73. Let m(l) = 2 + 2*l - 3*l - 1 - 8 + 2*l + l**k. Calculate m(-6).
23
Let i(j) = j**2 + 29*j + 87. Suppose 52 = 9*y + 286. Give i(y).
9
Let c(t) = -33*t**2 + 8 + 0 + 31*t**2 - 7. Give c(4).
-31
Let p(b) = b**3 - 7*b**2 + 2*b - 10. Suppose 0 = -3*i - 2*l + 3, 4*l = 3*i + 2*i - 5. Suppose -9*j + 8 = -i. Suppose 24 = 3*x - s, -10 = 3*s - j. Give p(x).
4
Let r(l) = l**3 - 4*l**2 + 2*l. Let w(a) = -4*a + 9. Let b be w(-6). Let p = b - 31. Suppose 0 = p*g + 7*g - 27. Determine r(g).
-3
Let l(n) = -n**3 + 8*n**2 + 9*n - 13. Let a(s) = s**3 - 12*s**2 + 25*s + 25. Let d(g) = -g**2 + g. Let z(v) = a(v) + 6*d(v). Let c be z(16). Calculate l(c).
-13
Let o(t) = t - 4. Let i be o(6). Suppose -3*c - 29 = -3*p - 50, 0 = 5*c - 4*p - 30. Let s(j) = c*j**i - 1 + j - 5*j**2 - 4*j**2 - 2*j**2. What is s(1)?
-9
Let y be 24/228 - (-838)/(-19). Let f = y + 53. Let g(o) = o**2 - 10*o - 11. Determine g(f).
-20
Suppose 2*h - 13 = 3*a, 0 = -4*a - 8*h + 9*h - 19. Let q(l) = 2*l + 12. Calculate q(a).
2
Let x = 388 - 386. Let b(j) = -9*j**2 - 3*j + 3. What is b(x)?
-39
Suppose -r + 2*r + 7 = 0. Let q(d) be the first derivative of d**4/4 + 2*d**3 - 7*d**2/2 + 3*d + 276573. Give q(r).
3
Let x(n) = -3*n - 1. Let a(q) = -16*q - 58. Let r(b) = -a(b) + 6*x(b). Give r(29).
-6
Let x(t) be the second derivative of t**6/720 - 11*t**5/120 + 113*t**4/6 + 90*t. Let f(w) be the third derivative of x(w). Determine f(0).
-11
Let j = -77 + 79. Let f(s) = 9*s + 0*s**j + 2*s**2 + 8 - s**2. Let w be 30/(-4) + (-1)/(-2). Calculate f(w).
-6
Let m be (0 - (-6)/4)*(-8)/132*-44. Let c(u) = -4*u - 3. Calculate c(m).
-19
Suppose 0 = 3*v - 4*v - k - 1, 2*k + 3 = -3*v. Let a(q) = -152*q + 67*q + 78*q - 1. Determine a(v).
6
Let n(r) = r - 6. Let a be n(4). Let k be (1 + a)/(2/6). Let f(c) = -3*c - 41. Let t(m) = 4*m + 58. Let s(d) = -7*f(d) - 5*t(d). Determine s(k).
-6
Let z = -5540 + 5496. Let b(q) = q**3 + 43*q**2 - 43*q + 37. What is b(z)?
-7
Let q(c) = 23*c + 159. Let v = 14948 + -14955. Calculate q(v).
-2
Let f = 3 - -1. Suppose -22 = -3*x - f. Suppose -c + x = 1. Let j(b) = 2*b - 1. Give j(c).
9
Let u(l) = l - 6. Let w(s) = 6*s - 6. Let v be w(2). Let t be ((-40)/16)/((-2 - 1)/v). Determine u(t).
-1
Suppose 5*z + 18 = -3*s - 282, s = -3*z - 104. Let p = s - -95. Let l(v) = v + 1. Calculate l(p).
1
Let l be 5/((-15)/2)*57. Let m(w) = 2*w**3 - w**2 + 2*w - 7. Let t be m(3). Let a = t + l. Let k(i) = i**3 - 5*i**2 - 2*i - 7. Determine k(a).
17
Let c be (9 + -2)*(-1)/(-1). Let r(u) be the third derivative of -u**4/24 + 3*u**3/2 - 798*u**2. What is r(c)?
2
Suppose 4 = 3*d + 3*o - 5, -4*o + 12 = -5*d. Suppose 6*q - 104 - 64 = d. Let w be 0/((-7)/(q/(-8))). Let p(f) = -f**3 - f - 4. Determine p(w).
-4
Let w = 6 - 0. Let j = 21 + -24. Let f(t) = -2*t + 9. Let k(o) = 4*o - 18. Let u(b) = j*k(b) - 5*f(b). Determine u(w).
-3
Suppose 19*c = 156 - 213. Let x(q) = -q**3 - 7*q - 6. Give x(c).
42
Let b(q) = 14*q**3 + 349*q**2 + 49*q + 1855. Let n be b(-25). Let v(y) = 4*y**3 - 10*y + 4*y - 5*y**2 - 3*y**3 + 3. Calculate v(n).
-27
Let m be (-16)/(-4) - (364/14 - 22). Let u(h) = -h**2 - h - 163. What is u(m)?
-163
Let j(i) = -4*i**3 + 28*i**2 + 63*i + 35. Let z(w) = -7*w**3 + 56*w**2 + 125*w + 69. Let o(r) = 5*j(r) - 3*z(r). Determine o(30).
-32
Let k(d) be the third derivative of -d**5/60 - d**4/12 - d**3/6 + 62*d**2. Let w(j) = -4*j**2 - 8*j - 9. Let q be w(-1). What is k(q)?
-16
Let o(p) be the first derivative of -p - 1/3*p**3 - 128 - 5/2*p**2. Let d(k) = -2*k**2 - 3*k - 3. Let i be d(-2). Determine o(i).
-1
Let h(q) be the first derivative of -q**4/4 + 5*q**3/3 + q + 1726. What is h(5)?
1
Let w(h) = 19*h**3 + 9*h**2 - 18*h. Let c(r) = -4*r**3 - 2*r**2 + 4*r. Let q(x) = -18*c(x) - 4*w(x). What is q(-1)?
4
Suppose 3*s - 15 = 0, -11*u + 12*u = 4*s - 19. Suppose -3*j - 3 = -4*j. Let t(x) = -3 + u + 5*x - j*x. Give t(2).
2
Let t = 36897 + -36873. Let v(d) = d**3 - 27*d**2 + 67*d + 106. Calculate v(t).
-14
Let m(t) = -74*t + 7. Let l(q) = -126*q + 12. Let s(r) = 7*l(r) - 12*m(r). Give s(5).
30
Let p = -22 - -23. Let k(i) = -i**2 - 5*i + 10. Let c(x) = x - 2. Let u(n) = -5*c(n) - k(n). Calculate u(p).
1
Let q(y) = -y. Suppose 0 = -4*m - 0*m + 60. Let h = m - -1. Let a = h - 21. Give q(a).
5
Let v(b) = -7*b**2 - 3*b + 1 - 2 + 3*b**2. Let t = 1368 + -351. Let y = -1019 + t. Give v(y).
-11
Let v be (-22)/5 - 8/(-20). Let l(q) = q**2 + 1631*q - 544*q - 539*q - 3 - 542*q. Calculate l(v).
-11
Let a(k) = -69*k - 29. Let r(o) = -55*o - 29. Let x(d) = 4*a(d) - 5*r(d). Give x(38).
-9
Suppose 4*n - 15 + 7 = 4*h, h = -3*n + 18. Let g(w) = 7*w - 531*w**3 + 2*w**2 - 1 - n*w + 532*w**3. Calculate g(-2).
-5
Let t = 30 - 26. Let i(z) = -5*z**2 - 1. Let p(a) = 6*a**2 + 2. Let m(c) = t*p(c) + 5*i(c). Let v(y) = -4*y - 5. Let l be v(-2). Give m(l).
-6
Suppose 0*h + 5*h = 25. Let q(j) = -j**2 - 2*j - 4. Let s(d) = -d - 1. Suppose -4*i - 6*g = -g - 24, 22 = 2*i + 5*g. Let z(x) = i*q(x) - 5*s(x). Determine z(h).
-9
Let g(y) be the first derivative of 70 + 13 - 2*y**2 + 22 + y - 2*y. Calculate g(1).
-5
Suppose 3*z = -4*s + 10 + 29, 5*z - 3*s - 65 = 0. Suppose 5*k + x - 2 = 0, -k - 4*x - z = -2*k. Let o(d) = -22*d**2 + 2*d - 1. Give o(k).
-21
Let j(u) = -u**3 + 18*u**2 + 21*u - 26. Let a(i) = i**2 + 27*i + 181. Let c be a(-9). Give j(c).
12
Let n(w) = -5 - 3*w + 2 + 2. Let x(v) = v**3 - 4*v**2 + 8*v - 12. Let t be x(4). Suppose t*q - 15 = 45. Determine n(q).
-10
Suppose 2*s = -3*s - 20. Let q(o) be the second derivative of -o**3/2 + 3*o**2/2 + 1186*o. Determine q(s).
15
Let z(f) be the first derivative of -f**4/4 + 4*f**3/3 + f**2 - 4*f - 100. Let n(g) = -5*g - 26. Let q be n(-6). What is z(q)?
4
Let n(h) = -2*h**2 - 164*h + 65. Let b(f) = -f**2 - 129*f + 67. Let v(d) = 4*b(d) - 3*n(d). What is v(5)?
3
Let f(t) = t + 2. Suppose 4*m = m + 3, 0 = -5*l + 3*m + 17. Let h(q) be the third derivative of q**5/30 - 7*q**4/24 + q**3/6 + 2*q**2. Let a be h(l). Give f(a).
7
Let s(u) = -5*u**2 - 1. Let i(l) = -16*l**2 - 24*l + 54. Let p = -203 + 202. Let k(f) = p*i(f) + 3*s(f). What is k(-26)?
-5
Let b(r) = -11 - r - 6 - 4 - 5 + 3. Give b(-5).
-18
Let d = 543 + -537. Let k(w) = 4*w**3 + 6*w**2 - 8*w - 6. Let z(q) = -5*q**3 - 8*q**2 + 10*q + 7. Let m(x) = d*k(x) + 5*z(x).